n base 13?
1362
What is 101200 (base 3) in base 11?
242
Convert 156 (base 15) to base 2.
100110010
What is -3d23 (base 15) in base 13?
-5c55
1233210 (base 5) to base 8
57164
-7a6a (base 15) to base 5
-1312400
110010110101 (base 2) to base 5
101003
What is 1131042 (base 5) in base 13?
95bb
643 (base 7) to base 15
16a
What is 169 (base 13) in base 5?
2011
-1121120 (base 3) to base 2
-10010011000
What is 619 (base 13) in base 6?
4444
What is 5312 (base 10) in base 2?
1010011000000
What is -771 (base 13) in base 4?
-103323
-1040 (base 6) to base 8
-360
80 (base 10) to base 14
5a
Convert -54018 (base 9) to base 12.
-18822
What is -f02 (base 16) in base 14?
-1586
What is -1000101101010010 (base 2) in base 6?
-433042
What is 366c (base 15) in base 11?
8775
Convert 7455 (base 8) to base 6.
25553
What is 187ea (base 15) in base 14?
20d2c
What is -4926 (base 10) in base 2?
-1001100111110
What is -35032 (base 11) in base 4?
-30112311
What is 10111211 (base 3) in base 2?
101000000000
-1001000100 (base 3) to base 6
-234313
Convert -661 (base 8) to base 5.
-3213
What is -5450 (base 6) in base 10?
-1254
-101111001 (base 2) to base 13
-230
What is -51 (base 16) in base 15?
-56
What is 15404 (base 7) in base 3?
12220212
Convert -7432 (base 8) to base 2.
-111100011010
Convert 131441 (base 5) to base 2.
1010001111110
-11221122 (base 3) to base 11
-2790
Convert 120212 (base 3) to base 6.
1552
Convert -23777 (base 11) to base 4.
-20112132
-234400 (base 5) to base 7
-34303
-142234 (base 6) to base 3
-200111111
-1101111110001 (base 2) to base 13
-3343
Convert -1000011010 (base 2) to base 11.
-44a
Convert -10100000010001 (base 2) to base 13.
-4890
Convert -11101100 (base 2) to base 14.
-12c
Convert cf0 (base 16) to base 15.
eac
43542 (base 9) to base 8
70312
Convert 20c0 (base 16) to base 11.
6332
What is -11054 (base 6) in base 15?
-6d1
Convert -606 (base 7) to base 2.
-100101100
-b4 (base 13) to base 16
-93
736 (base 13) to base 14
63a
Convert 11011011100100 (base 2) to base 6.
145020
1805 (base 9) to base 11
1047
-1043 (base 6) to base 13
-159
What is -15534 (base 7) in base 8?
-10442
What is 10000101000 (base 2) in base 3?
1110102
-8975 (base 13) to base 10
-19193
558 (base 11) to base 2
1010011100
-2e10 (base 15) to base 5
-304130
Convert -10666 (base 7) to base 6.
-20411
What is 33052 (base 6) in base 10?
4568
What is -201 (base 7) in base 3?
-10200
Convert -a2e (base 16) to base 12.
-1612
-13218 (base 9) to base 2
-10001011011111
What is -110112010 (base 3) in base 8?
-21651
Convert -1111211202 (base 3) to base 10.
-29774
Convert 8ba1 (base 12) to base 11.
10738
2014 (base 10) to base 4
133132
Convert -44cc (base 15) to base 6.
-151320
-52 (base 11) to base 14
-41
What is -1672 (base 9) in base 2?
-10100000000
Convert 123001 (base 6) to base 5.
323032
Convert 2000331 (base 4) to base 2.
10000000111101
-6686 (base 10) to base 16
-1a1e
Convert -1183 (base 10) to base 11.
-986
What is 988 (base 14) in base 7?
5331
What is -76dd (base 16) in base 6?
-352513
What is -302101 (base 4) in base 14?
-125b
What is 123210 (base 5) in base 16?
12c5
Convert 102333 (base 4) to base 6.
5343
58571 (base 10) to base 4
32103023
-51316 (base 7) to base 16
-30dc
-2322420 (base 5) to base 12
-20537
-3213 (base 6) to base 12
-509
Convert -243 (base 5) to base 15.
-4d
What is 404013 (base 5) in base 13?
5bc8
Convert 1e9 (base 16) to base 15.
229
What is -795 (base 13) in base 11?
-a87
What is -101 (base 4) in base 9?
-18
Convert -210 (base 5) to base 16.
-37
Convert 18903 (base 10) to base 11.
13225
What is -23 (base 15) in base 13?
-27
424441 (base 6) to base 2
1000011110101001
Convert -16 (base 10) to base 6.
-24
Convert 2211201 (base 3) to base 14.
a7d
-106 (base 15) to base 10
-231
-1532 (base 7) to base 16
-263
-2ba (base 12) to base 8
-656
Convert -ada (base 14) to base 2.
-100001101000
What is 132102 (base 4) in base 13?
b61
Convert 24c (base 15) to base 10.
522
Convert 2439 (base 13) to base 14.
1c18
Convert -1886 (base 11) to base 6.
-15025
Convert -10367 (base 9) to base 3.
-100102021
What is -130320 (base 5) in base 14?
-1bd3
-2a97 (base 12) to base 5
-130021
a296 (base 13) to base 8
53637
Convert -899b (base 12) to base 15.
-47ae
6458 (base 9) to base 3
20111222
What is 36303 (base 8) in base 2?
11110011000011
Convert -246 (base 16) to base 4.
-21012
Convert -11101011 (base 4) to base 8.
-52105
1000011100 (base 2) to base 15
260
What is 5fac (base 16) in base 5?
1240432
11111100100 (base 2) to base 3
2202211
Convert -200024 (base 5) to base 14.
-23d6
55635 (base 7) to base 13
6510
What is 50233 (base 6) in base 9?
10013
111000110111 (base 2) to base 12
2133
15140 (base 8) to base 10
6752
-23234 (base 7) to base 14
-2254
-3679 (base 10) to base 2
-111001011111
-200202 (base 4) to base 9
-2763
Convert -51012 (base 6) to base 2.
-1101000110000
What is 6642 (base 7) in base 5?
34012
17469 (base 11) to base 9
36561
What is -a77 (base 14) in base 15?
-92a
184 (base 15) to base 2
101011101
12640 (base 10) to base 6
134304
What is -10001000010111 (base 2) in base 12?
-5073
What is -459 (base 14) in base 7?
-2342
Convert -219 (base 14) to base 16.
-19f
What is 1012100 (base 3) in base 11?
724
What is 736 (base 12) in base 8?
2032
What is 23111 (base 5) in base 16?
678
-57 (base 14) to base 10
-77
-a75 (base 11) to base 3
-1202212
134 (base 13) to base 3
21212
What is 659a (base 14) in base 3?
220010010
What is 3f5f (base 16) in base 10?
16223
-2486a (base 12) to base 8
-140722
Convert -155c (base 16) to base 3.
-21111112
What is 1aef (base 16) in base 15?
209a
Convert -1065 (base 7) to base 10.
-390
Convert 3303222 (base 4) to base 14.
597c
Convert 312 (base 14) to base 13.
376
What is 465 (base 14) in base 8?
1551
What is 35553 (base 8) in base 13?
6c01
Convert -4361 (base 7) to base 11.
-11a0
What is -5033 (base 6) in base 12?
-779
Convert -1617 (base 15) to base 11.
-3626
What is -114 (base 15) in base 14?
-136
-c38 (base 13) to base 5
-31300
203020 (base 4) to base 10
2248
What is -1053 (base 7) in base 2?
-101111101
-133101 (base 4) to base 2
-11111010001
What is 203 (base 7) in base 12?
85
1002122111 (base 3) to base 6
244021
a171 (base 13) to base 15
68c1
What is -1706 (base 9) in base 2?
-10100010110
What is 160 (base 11) in base 8?
273
-2251 (base 7) to base 16
-334
What is 1651 (base 10) in base 6?
11351
Convert 20045 (base 6) to base 4.
220331
2020222011 (base 3) to base 16
ad9e
Convert 10504 (base 7) to base 14.
d74
Convert 3654 (base 12) to base 11.
4657
What is 40 (base 14) in base 8?
70
Convert 2dcc (base 16) to base 3.
121002020
What is -3142124 (base 5) in base 6?
-1044221
Convert 951 (base 15) to base 6.
13421
What is 3a5a (base 11) in base 13?
2523
What is 15b4 (base 14) in base 7?
14214
What is -2a883 (base 12) in base 5?
-3410003
Convert -122430 (base 6) to base 15.
-33ac
26504 (base 7) to base 2
1101111000101
-596 (base 10) to base 4
-21110
40401 (base 5) to base 4
220221
Convert 123114 (base 8) to base 6.
525032
Convert -2112110 (base 3) to base 6.
-12320
Convert 26571 (base 10) to base 4.
12133023
114 (base 9) to base 8
136
Convert -1200200 (base 3) to base 14.
-641
14051 (base 6) to base 16
88f
What is 606 (base 9) in base 10?
492
Convert -2b4 (base 12) to base 3.
-120201
Convert d0a1 (base 16) to base 14.
1566d
What is -5be (base 16) in base 9?
-2013
Convert -6413 (base 8) to base 6.
-23243
Convert 245425 (base 6) to base 12.
10875
What is 1010110110 (base 2) in base 5?
10234
Convert -1151 (base 6) to base 2.
-100011011
Convert 4129 (base 10) to base 13.
1b58
What is -59338 (base 10) in base 16?
-e7ca
23b (base 12) to base 13
1ca
7c8 (base 15) to base 14
8dd
-1eec (base 15) to base 16
-1a5b
Convert 10001111100010 (base 2) to base 11.
69a1
Convert 2200 (base 11) to base 3.
10222120
Convert -151b6 (base 13) to base 5.
-2233424
Convert 38a9 (base 16) to base 14.
5401
Convert -1008 (base 12) to base 11.
-1339
Convert 22001 (base 6) to base 5.
44100
-55 (base 15) to base 9
-88
-40500 (base 7) to base 4
-2121321
What is -861 (base 11) in base 14?
-53d
What is 28a2 (base 15) in base 13?
3c65
Convert -3637 (base 9) to base 8.
-5223
Convert 607 (base 16) to base 4.
120013
68c (base 14) to base 6
10004
471 (base 9) to base 6
1444
Convert 22340 (base 5) to base